{"id":45,"date":"2020-08-31T20:22:50","date_gmt":"2020-08-31T20:22:50","guid":{"rendered":"http:\/\/www.seys.com.br\/?page_id=45"},"modified":"2021-03-17T19:37:40","modified_gmt":"2021-03-17T19:37:40","slug":"solucoes","status":"publish","type":"page","link":"https:\/\/www.seys.com.br\/?page_id=45","title":{"rendered":"Solu\u00e7\u00f5es"},"content":{"rendered":"\n<h3>Bovitrato Confinamento<\/h3>\n\n\n\n<p>Bovitrato Confinamento \u00e9 um software moderno, desenvolvido para Gest\u00e3o de Confinamento de Gado. <a href=\"http:\/\/www.seys.com.br\/?p=114\" target=\"_blank\" rel=\"noreferrer noopener\">Saiba mais sobre o Bovitrato Confinamento<\/a>.<\/p>\n\n\n\n<h3>Bovitrato Cloud<\/h3>\n\n\n\n<p>Nossa solu\u00e7\u00e3o em nuvem para gerenciamento de pecu\u00e1ria de corte de pequeno e m\u00e9dio porte. <a href=\"http:\/\/www.seys.com.br\/?p=126\" target=\"_blank\" rel=\"noreferrer noopener\">Saiba mais clicando neste link<\/a>.<\/p>\n\n\n\n<h3>MPSF &#8211; M\u00f3dulo de Pesagem Sem Fio<\/h3>\n\n\n\n<ul><li>Equipamento port\u00e1til e robusto (grau de prote\u00e7\u00e3o IP-68) <\/li><li>Pode ser operado com tablets de 8 ou 10 polegadas<\/li><li>A calibra\u00e7\u00e3o fica no m\u00f3dulo de pesagem, e o tablet pode ser substitu\u00eddo a qualquer momento<\/li><\/ul>\n\n\n\n<h3>Aplicativo de Pesagem Remota<\/h3>\n\n\n\n<ul><li>Aplicativo para leitura de peso do MPSF<\/li><li>Telas intuitivas <\/li><li>Compat\u00edvel com tablets ou smartphones Android (vers\u00e3o 5.1 at\u00e9 10)<\/li><li>F\u00e1cil instala\u00e7\u00e3o e configura\u00e7\u00e3o<\/li><\/ul>\n\n\n\n<h3>Leitores e Tags RFID<\/h3>\n\n\n\n<ul><li>Maior confiabilidade no controle do deslocamento dos equipamentos <\/li><li>Precis\u00e3o para identificar os currais automaticamente<\/li><li>Agiliza os processos da pecu\u00e1ria, automatizando a coleta de dados sem a interfer\u00eancia do operador<\/li><li>Evita erros de registros do operador e falhas humanas<\/li><\/ul>\n\n\n\n<h3>Testador de Pesagem SE-150<\/h3>\n\n\n\n<ul><li>Testador port\u00e1til para balan\u00e7as e c\u00e9lulas de carga. <\/li><li>Teste e simula\u00e7\u00e3o de c\u00e9lula de carga anal\u00f3gica e digital.<\/li><li>Teste e simula\u00e7\u00e3o de protocolos seriais de pesagem.<\/li><\/ul>\n\n\n\n<h3>EM1307 &#8211; Esta\u00e7\u00e3o Meteorol\u00f3gica <\/h3>\n\n\n\n<ul><li>Acompanhamento em tempo real dos principais dados meteorol\u00f3gicos<\/li><li>Os dados ficam dispon\u00edveis na internet para consulta ou download<\/li><li>Relat\u00f3rios com os principais Indices de conforto t\u00e9rmico animal<\/li><\/ul>\n\n\n\n<h3>Comando Remoto CR433<\/h3>\n\n\n\n<ul><li>Transmissor de baixo consumo<\/li><li>Aplica\u00e7\u00f5es: b\u00f3ia sem fio, acionamento de bombas a dist\u00e2ncia, automa\u00e7\u00e3o rural, etc.<\/li><\/ul>\n\n\n\n<p><\/p>\n","protected":false},"excerpt":{"rendered":"<p>Bovitrato Confinamento Bovitrato Confinamento \u00e9 um software moderno, desenvolvido para Gest\u00e3o de Confinamento de Gado. Saiba mais sobre o Bovitrato Confinamento. Bovitrato Cloud Nossa solu\u00e7\u00e3o em nuvem para gerenciamento de pecu\u00e1ria de corte de pequeno e m\u00e9dio porte. Saiba mais clicando neste link. MPSF &#8211; M\u00f3dulo de Pesagem Sem Fio Equipamento port\u00e1til e robusto (grau &#8230; <a title=\"Solu\u00e7\u00f5es\" class=\"read-more\" href=\"https:\/\/www.seys.com.br\/?page_id=45\" aria-label=\"More on Solu\u00e7\u00f5es\">Ler mais<\/a><\/p>\n","protected":false},"author":1,"featured_media":0,"parent":0,"menu_order":0,"comment_status":"closed","ping_status":"closed","template":"","meta":[],"_links":{"self":[{"href":"https:\/\/www.seys.com.br\/index.php?rest_route=\/wp\/v2\/pages\/45"}],"collection":[{"href":"https:\/\/www.seys.com.br\/index.php?rest_route=\/wp\/v2\/pages"}],"about":[{"href":"https:\/\/www.seys.com.br\/index.php?rest_route=\/wp\/v2\/types\/page"}],"author":[{"embeddable":true,"href":"https:\/\/www.seys.com.br\/index.php?rest_route=\/wp\/v2\/users\/1"}],"replies":[{"embeddable":true,"href":"https:\/\/www.seys.com.br\/index.php?rest_route=%2Fwp%2Fv2%2Fcomments&post=45"}],"version-history":[{"count":14,"href":"https:\/\/www.seys.com.br\/index.php?rest_route=\/wp\/v2\/pages\/45\/revisions"}],"predecessor-version":[{"id":166,"href":"https:\/\/www.seys.com.br\/index.php?rest_route=\/wp\/v2\/pages\/45\/revisions\/166"}],"wp:attachment":[{"href":"https:\/\/www.seys.com.br\/index.php?rest_route=%2Fwp%2Fv2%2Fmedia&parent=45"}],"curies":[{"name":"wp","href":"https:\/\/api.w.org\/{rel}","templated":true}]}}